{"id":9,"date":"2023-10-11T17:14:01","date_gmt":"2023-10-11T15:14:01","guid":{"rendered":"http:\/\/pascalfabien.fr\/?page_id=9"},"modified":"2024-02-11T10:17:00","modified_gmt":"2024-02-11T09:17:00","slug":"accueil","status":"publish","type":"page","link":"http:\/\/pascalfabien.fr\/","title":{"rendered":"Bienvenu sur mon site,"},"content":{"rendered":"\n<p>Je suis photographe depuis de nombreuses ann\u00e9es. J&#8217;ai beaucoup exerc\u00e9 dans les Hauts de France mais depuis 2020 je suis de nouveau dans le Sud Ouest \u00e0 Montr\u00e9jeau exactement.<\/p>\n\n\n\n<p>Vous trouverez sur mon site plusieurs galeries qui repr\u00e9sentent mon travail. Je suis sp\u00e9cialis\u00e9 dans le noir et blanc que je trouve intemporel. <\/p>\n\n\n\n<p>Je me tiens \u00e0 votre disposition pour vos portraits, photos de famille (grossesse, photos enfants \u00e0 th\u00e8me), photos corporate ou photos personnelles type boudoir ou reprise de confiance en soi.<\/p>\n\n\n\n<p>J&#8217;aime le naturel et la spontan\u00e9it\u00e9. Je maitrise autant la lumi\u00e8re naturelle que les flash de studio.<\/p>\n\n\n\n<p>Je me d\u00e9place sur les d\u00e9partements voisins. Tout est \u00e0 discuter entre nous, que ce soit pour des projets photos qui vous ressemble comme pour des projets sp\u00e9cifiques.<\/p>\n\n\n\n<p>Les collaborations sont possible \u00e0 condition que le projet nous correspond.<\/p>\n\n\n\n<p>Retrouvez mes liens de contact en bas de la page.<\/p>\n\n\n\n<p>Bonne visite !<\/p>\n\n\n\n<figure class=\"wp-block-image size-large\"><img loading=\"lazy\" decoding=\"async\" width=\"1024\" height=\"683\" src=\"http:\/\/pascalfabien.fr\/wp-content\/uploads\/2023\/12\/Neutral-Happy-Holidays-Family-Photo-Christmas-Card-1-1024x683.jpg\" alt=\"\" class=\"wp-image-128\" srcset=\"http:\/\/pascalfabien.fr\/wp-content\/uploads\/2023\/12\/Neutral-Happy-Holidays-Family-Photo-Christmas-Card-1-1024x683.jpg 1024w, http:\/\/pascalfabien.fr\/wp-content\/uploads\/2023\/12\/Neutral-Happy-Holidays-Family-Photo-Christmas-Card-1-300x200.jpg 300w, http:\/\/pascalfabien.fr\/wp-content\/uploads\/2023\/12\/Neutral-Happy-Holidays-Family-Photo-Christmas-Card-1-768x512.jpg 768w, http:\/\/pascalfabien.fr\/wp-content\/uploads\/2023\/12\/Neutral-Happy-Holidays-Family-Photo-Christmas-Card-1-1536x1024.jpg 1536w, http:\/\/pascalfabien.fr\/wp-content\/uploads\/2023\/12\/Neutral-Happy-Holidays-Family-Photo-Christmas-Card-1.jpg 1800w\" sizes=\"auto, (max-width: 706px) 89vw, (max-width: 767px) 82vw, 740px\" \/><\/figure>\n","protected":false},"excerpt":{"rendered":"<p>Je suis photographe depuis de nombreuses ann\u00e9es. J&#8217;ai beaucoup exerc\u00e9 dans les Hauts de France mais depuis 2020 je suis de nouveau dans le Sud Ouest \u00e0 Montr\u00e9jeau exactement. Vous trouverez sur mon site plusieurs galeries qui repr\u00e9sentent mon travail. Je suis sp\u00e9cialis\u00e9 dans le noir et blanc que je trouve intemporel. Je me tiens &hellip; <\/p>\n<p class=\"link-more\"><a href=\"http:\/\/pascalfabien.fr\/\" class=\"more-link\">Continue reading<span class=\"screen-reader-text\"> &#8220;Bienvenu sur mon site,&#8221;<\/span><\/a><\/p>\n","protected":false},"author":1,"featured_media":0,"parent":0,"menu_order":0,"comment_status":"closed","ping_status":"closed","template":"","meta":{"footnotes":""},"class_list":["post-9","page","type-page","status-publish","hentry"],"_links":{"self":[{"href":"http:\/\/pascalfabien.fr\/index.php\/wp-json\/wp\/v2\/pages\/9","targetHints":{"allow":["GET"]}}],"collection":[{"href":"http:\/\/pascalfabien.fr\/index.php\/wp-json\/wp\/v2\/pages"}],"about":[{"href":"http:\/\/pascalfabien.fr\/index.php\/wp-json\/wp\/v2\/types\/page"}],"author":[{"embeddable":true,"href":"http:\/\/pascalfabien.fr\/index.php\/wp-json\/wp\/v2\/users\/1"}],"replies":[{"embeddable":true,"href":"http:\/\/pascalfabien.fr\/index.php\/wp-json\/wp\/v2\/comments?post=9"}],"version-history":[{"count":8,"href":"http:\/\/pascalfabien.fr\/index.php\/wp-json\/wp\/v2\/pages\/9\/revisions"}],"predecessor-version":[{"id":132,"href":"http:\/\/pascalfabien.fr\/index.php\/wp-json\/wp\/v2\/pages\/9\/revisions\/132"}],"wp:attachment":[{"href":"http:\/\/pascalfabien.fr\/index.php\/wp-json\/wp\/v2\/media?parent=9"}],"curies":[{"name":"wp","href":"https:\/\/api.w.org\/{rel}","templated":true}]}}

<p>Je suis photographe depuis de nombreuses années. J&#8217;ai beaucoup exercé dans les Hauts de France mais depuis 2020 je suis de nouveau dans le Sud Ouest à Montréjeau exactement.</p>



<p>Vous trouverez sur mon site plusieurs galeries qui représentent mon travail. Je suis spécialisé dans le noir et blanc que je trouve intemporel. </p>



<p>Je me tiens à votre disposition pour vos portraits, photos de famille (grossesse, photos enfants à thème), photos corporate ou photos personnelles type boudoir ou reprise de confiance en soi.</p>



<p>J&#8217;aime le naturel et la spontanéité. Je maitrise autant la lumière naturelle que les flash de studio.</p>



<p>Je me déplace sur les départements voisins. Tout est à discuter entre nous, que ce soit pour des projets photos qui vous ressemble comme pour des projets spécifiques.</p>



<p>Les collaborations sont possible à condition que le projet nous correspond.</p>



<p>Retrouvez mes liens de contact en bas de la page.</p>



<p>Bonne visite !</p>



<figure class="wp-block-image size-large"><img loading="lazy" decoding="async" width="1024" height="683" src="http://pascalfabien.fr/wp-content/uploads/2023/12/Neutral-Happy-Holidays-Family-Photo-Christmas-Card-1-1024x683.jpg" alt="" class="wp-image-128" srcset="http://pascalfabien.fr/wp-content/uploads/2023/12/Neutral-Happy-Holidays-Family-Photo-Christmas-Card-1-1024x683.jpg 1024w, http://pascalfabien.fr/wp-content/uploads/2023/12/Neutral-Happy-Holidays-Family-Photo-Christmas-Card-1-300x200.jpg 300w, http://pascalfabien.fr/wp-content/uploads/2023/12/Neutral-Happy-Holidays-Family-Photo-Christmas-Card-1-768x512.jpg 768w, http://pascalfabien.fr/wp-content/uploads/2023/12/Neutral-Happy-Holidays-Family-Photo-Christmas-Card-1-1536x1024.jpg 1536w, http://pascalfabien.fr/wp-content/uploads/2023/12/Neutral-Happy-Holidays-Family-Photo-Christmas-Card-1.jpg 1800w" sizes="auto, (max-width: 706px) 89vw, (max-width: 767px) 82vw, 740px" /></figure>

<p>Je suis photographe depuis de nombreuses années. J&#8217;ai beaucoup exercé dans les Hauts de France mais depuis 2020 je suis de nouveau dans le Sud Ouest à Montréjeau exactement. Vous trouverez sur mon site plusieurs galeries qui représentent mon travail. Je suis spécialisé dans le noir et blanc que je trouve intemporel. Je me tiens &hellip; </p>
<p class="link-more"><a href="http://pascalfabien.fr/" class="more-link">Continue reading<span class="screen-reader-text"> &#8220;Bienvenu sur mon site,&#8221;</span></a></p>
